ate the greatest common factor of 864 and m.
3
Suppose 0*n + n + 9 = 4*a, 4*n = -a + 15. Suppose 10*p = a*p + 329. Suppose -3*l + 88 + p = 0. What is the greatest common factor of l and 18?
9
Let a = 553 + -559. Let s be a/24 - (-25)/20*177. Calculate the greatest common factor of 34 and s.
17
Let k(c) = 1 + 3*c + 2*c + 2*c - 4*c. Let s be k(0). Let o be 9 + 2 + 0/(1/s). Calculate the highest common divisor of o and 121.
11
Let u be (-4 - 3304/21)*-6. What is the highest common factor of u and 220?
44
Suppose 4*z - 33 = 39. Suppose -3*t + 61 + 11 = 0. Let f = t - -21. What is the highest common factor of f and z?
9
Suppose 4 = -2*r, -10*x + 305 = -5*x + 5*r. Let j(l) = l**3 - 5*l**2 - 5*l + 16. Let y be j(4). Let q = y + 62. What is the highest common factor of q and x?
21
Let h = 64 - 71. Let q be 5 + h - (-2)/((-4)/(-26)). Suppose 4*l = -y + 13 + q, -2*l = 3*y - 12. What is the highest common factor of 6 and l?
6
Let u be -45*(-16360)/165 - 2/(-11). Calculate the greatest common factor of 46 and u.
46
Suppose 3*a + 20 = 4*o, -2*a - 6 = -6*o + 7*o. Suppose -o*q + 67 = 3*k, -40 + 141 = 3*q + 5*k. Calculate the greatest common divisor of q and 1.
1
Let r(g) = g**3 - 14*g**2 - 128*g + 545. Let y be r(23). Calculate the greatest common factor of 4 and y.
2
Suppose -2*p + 28 = k, -148 = -62*k + 57*k - 2*p. Calculate the greatest common factor of k and 2590.
10
Let n = 13231 + -13143. What is the greatest common divisor of n and 968?
88
Suppose -3*b = -4*b - 4. Let k be (b/4)/((-3)/33). Suppose -2*l + 2*c = -362, 2*l - 16*c - 380 = -17*c. Calculate the greatest common divisor of k and l.
11
Suppose -m + 28 + 20 = 0. Let u be (7/(84/80))/((-15)/(-54)). What is the highest common divisor of u and m?
24
Suppose -5*i - 134 - 181 = 0. Let q = -10 - i. Suppose 3*l - q = 97. Calculate the greatest common divisor of 30 and l.
10
Suppose -7*y - 51 + 247 = 0. Let w = -29 + y. Let h be (138/9)/(w*(-3)/9). Calculate the highest common divisor of h and 506.
46
Let w = -32348 - -32370. Calculate the greatest common factor of 27137 and w.
11
Let f = 11697 + -11685. Calculate the highest common divisor of 57804 and f.
12
Suppose -5*g + 5*x = 100, -2*x + 48 = -3*g - 9. Let m = g + 82. Let t be (104/40)/(3/60*4). Calculate the highest common factor of m and t.
13
Let z = 53 - 48. Let a = z + -1. Suppose 0 = -3*f - a*f + 56. Calculate the greatest common divisor of 56 and f.
8
Let d be -1950*(-45)/(-20)*-2. Suppose 0 = -150*q + 163*q - d. Calculate the highest common divisor of 54 and q.
27
Suppose -4*c = -12*c + 3*r + 97160, 3*r + 24272 = 2*c. Calculate the highest common divisor of 4 and c.
4
Let w be -2 - (-18 + 14 + -18). Let c be (4/(-8))/((-2)/320). Calculate the highest common divisor of c and w.
20
Suppose -4*n - h + 3207 = 0, -479*n + 482*n - 3*h - 2379 = 0. What is the highest common factor of n and 96?
32
Let w(q) = 3*q**3 - 12*q**2 - 11*q - 17. Let u be w(6). Let t be 3/6*(113 + 1). Suppose 2*l - t = -l. What is the highest common divisor of l and u?
19
Let g(c) = c**3 + 4*c**2 - 8*c + 4. Let o be g(-7). Let i = o - -142. Let q = i - 9. Calculate the greatest common factor of q and 115.
23
Suppose 34*z = 40*z + 492. Suppose -5*q + 6*q = -52. Let b = q - z. Calculate the greatest common divisor of 30 and b.
30
Let r(q) = -q**3 + 29*q**2 - 104*q + 75. Let j be r(25). Let g be (j/75)/(1/60*-1). What is the highest common divisor of 100 and g?
20
Let r = 15956 + -15927. What is the greatest common factor of 10237 and r?
29
Let k be 2/4*(0 + -2). Let a be (-1244)/(-12) - k/3. Let b = -17892 - -17905. Calculate the greatest common factor of b and a.
13
Let c be 8/((-16)/(-119) - (-38)/(-399)). What is the greatest common divisor of 952 and c?
68
Suppose 20*o - 172 - 248 = -8*o. What is the greatest common divisor of o and 120?
15
Let b(c) = 3 - 3*c + c**2 + 6*c**2 + 2 - 6*c**2 + 2*c**3. Let m be b(2). What is the highest common factor of 95 and m?
19
Suppose -4*c - 6 = -18. Suppose -5*o - 48 = 72. Let z = -21 - o. Calculate the highest common divisor of z and c.
3
Let x be ((-30)/14)/((-1002)/2338). What is the highest common factor of 495 and x?
5
Suppose 28*y + 33*y + 64*y = 169375. Calculate the greatest common factor of 65 and y.
5
Let u(z) = -3*z**3 + z**2 - 5*z - 6. Let w be u(-3). Suppose -84*h - w = -87*h. Calculate the highest common factor of h and 231.
33
Let l be -2 + -68 + (-2 + 10)/(-4). Let s = -42 - l. Suppose 38 + s = m. What is the highest common factor of m and 17?
17
Let g be ((-160)/3)/(12/(-90)). Let t = 420 - g. Calculate the highest common factor of 25 and t.
5
Suppose -5*q + 399 = 59. Suppose q = m + 5*f, -117 - 73 = -5*m + 5*f. Let b = m - 40. Calculate the highest common divisor of 6 and b.
3
Let y = -1919 + 5194. Calculate the highest common divisor of 50 and y.
25
Suppose -228 = -29*v + 178. Calculate the greatest common divisor of v and 175.
7
Let g = 3049 + -3033. Calculate the greatest common factor of 68 and g.
4
Let p be ((-26)/(-10) - 1)/((-48)/(-120)). Suppose -p*j - 7 = -423. Calculate the highest common factor of 13 and j.
13
Suppose -2*q + 171 = -0*w + w, 2*q - 183 = -5*w. What is the highest common divisor of 399 and q?
21
Suppose 4*k - 699 = 3*g, 2*k = 4*g + 325 + 27. Let b = 374 - k. What is the greatest common factor of b and 50?
50
Suppose -6*s + 584 = -2*s. Let a be (-1)/((-5)/(-15)) + s. Let u = a + -83. Calculate the highest common divisor of 12 and u.
12
Suppose 4*d - 168 - 60 = 4*j, 5*j = 4*d - 230. Calculate the highest common factor of 50 and d.
5
Suppose 2*a = 26 - 38. Let s be (1 + a/4)*-110. Let b = 56 - s. Calculate the greatest common divisor of b and 4.
1
Let y = -3521 - -3638. Calculate the greatest common factor of y and 10413.
117
Let i = -3556 - -3746. Calculate the highest common divisor of 1862 and i.
38
Let q(z) be the third derivative of z**4/4 + z**3/2 + 35*z**2. Let h be q(2). Let s be 30*(-4 - (-2 - 39/h)). What is the highest common divisor of 30 and s?
6
Let o = 8770 - 8651. Calculate the greatest common factor of o and 2125.
17
Suppose 7 = 16*n - 9*n. Let l be (1 + n)/((-12)/(-126)). Calculate the highest common factor of 35 and l.
7
Suppose -2*r + 481 = -3*j + 6*j, -5*r - 649 = -4*j. What is the highest common factor of 69 and j?
23
Suppose -9*g + 8*g + 2*o = -4352, 4*o = -4*g + 17348. Calculate the greatest common factor of g and 26.
26
Let p(m) = 5*m + 12. Let d be p(-2). Let j(c) = -c**d + 9*c**3 + 10*c**3 - 5 + 2*c + 3 + 17*c**3. Let g be j(1). What is the greatest common factor of 35 and g?
35
Suppose 51 = 16*d + 3. Suppose 2*n + 4 = d*o - 1, -3*o + 15 = 3*n. Suppose 5*g = f + 107, 0*g + 2*f + 60 = 3*g. What is the highest common factor of g and n?
2
Suppose 126 = -2*t + 23*t. Suppose -t*h + 25 + 77 = 0. Calculate the highest common factor of h and 4.
1
Let g = -634 - -658. Let z = 94 + -22. Suppose p - 2*l - 50 = 0, -3*p = -2*l - z - 74. What is the highest common divisor of p and g?
24
Let b(j) = -4*j**2 + 54*j + 44. Let l be b(4). What is the highest common factor of l and 52?
4
Let s(g) = 3*g + 84. Let u be s(-28). Suppose -2*n + 1 = l, 5*l - l + 2*n - 4 = u. Calculate the greatest common divisor of l and 47.
1
Suppose -5*o + 7 = 3*d - 20, -4*d + 36 = o. Suppose -4*v - 3*g - 128 = g, -3*v = -5*g + 104. Let n = v + 96. What is the greatest common factor of d and n?
9
Let l(k) = k**3 + 7*k**2 + 12*k + 7. Let n be l(-5). Let t = n + 10. Let s be 1*(4 - t) + 23. Calculate the greatest common factor of 40 and s.
20
Suppose 284*n - 1686 - 3809 - 2173 = 0. Let k = -6 + 9. What is the greatest common factor of k and n?
3
Let n(a) = 2813 + 3*a - 2*a - 2746. Let g be n(-3). Calculate the greatest common divisor of 24 and g.
8
Let q be 11 - 11 - -60 - 32/4. Calculate the greatest common factor of 325 and q.
13
Suppose -463 = -2*i - 31. Let t = -136 + i. Suppose 3*a = 5*a - t. Calculate the greatest common divisor of a and 200.
40
Let d(b) = b**3 + 8*b**3 - 27*b + 18*b**2 - 10*b**3 + 12. Let q be d(14). Let v = -202 + q. Calculate the highest common factor of 27 and v.
27
Let p = -33 - -91. Suppose p*t = 46*t + 11856. What is the highest common factor of t and 13?
13
Let b be 8/28*1*7. Suppose -b*y = -3*i - 3, 2*i + 0*i + 2 = y. Suppose y = -2*p + 4*p - 36. Calculate the highest common fa